{"id":3367,"date":"2024-02-25T16:57:49","date_gmt":"2024-02-25T16:57:49","guid":{"rendered":"https:\/\/magiamadrid.com\/?page_id=3367"},"modified":"2024-03-25T16:32:46","modified_gmt":"2024-03-25T16:32:46","slug":"acerca-de-mi","status":"publish","type":"page","link":"https:\/\/magiamadrid.com\/index.php\/acerca-de-mi\/","title":{"rendered":"Acerca de Armando de Miguel"},"content":{"rendered":"\n<div class=\"wp-block-columns is-layout-flex wp-container-core-columns-layout-1 wp-block-columns-is-layout-flex\">\n<div class=\"wp-block-column is-layout-flow wp-block-column-is-layout-flow\" style=\"flex-basis:50%\">\n<div class=\"wp-block-group is-nowrap is-layout-flex wp-container-core-group-layout-1 wp-block-group-is-layout-flex\">\n<p> <\/p>\n<\/div>\n\n\n\n<figure class=\"wp-block-image size-full\"><img decoding=\"async\" src=\"https:\/\/magiamadrid.com\/wp-content\/uploads\/2024\/03\/armando-con-la-bestia.jpg\" alt=\"Armando de Miguel haciendo aparecer un conejo de un sombrero\" class=\"wp-image-3394\"\/><\/figure>\n<\/div>\n\n\n\n<div class=\"wp-block-column is-layout-flow wp-block-column-is-layout-flow\" style=\"flex-basis:50%\">\n<p><\/p>\n\n\n\n<p class=\"has-medium-font-size\"><strong>El artista<\/strong><\/p>\n\n\n\n<p class=\"has-medium-font-size\"><code>Armando de Miguel nace en Salamanca hace ya alg\u00fan tiempo y es miembro desde 1976 de la Sociedad Espa\u00f1ola de Ilusionismo (C\u00edrculo de Madrid).<\/code><\/p>\n\n\n\n<p class=\"has-medium-font-size\"><strong>Formaci\u00f3n acad\u00e9mica<\/strong><\/p>\n\n\n\n<p class=\"has-medium-font-size\">1976 \u2013 1980 Estudia Derecho en la Universidad de Salamanca.<br>2011 \u2013 2019 Estudia en el Conservatorio profesional Teresa Berganza de Madrid (8 cursos en la especialidad de acorde\u00f3n).<br>2021-2022 En la actualidad cursa quinto a\u00f1o en la especialidad instrumental de clarinete en el Conservatorio profesional de m\u00fasica de Salamanca.<\/p>\n\n\n\n<p class=\"has-medium-font-size\"><strong>Formaci\u00f3n m\u00e1gica<\/strong><\/p>\n\n\n\n<pre class=\"wp-block-code has-medium-font-size\"><code>(1978 \u2013 1984) Aprende magia junto con Pepe Carrol, de la mano de los grandes de la magia de Espa\u00f1a de la \u00e9poca: Juan Tamariz, Juan Jos\u00e9 Gorostidi \u00abTolito\u00bb, Juan Ant\u00f3n, Ram\u00f3n Varela, Arturo de Ascanio\u2026<\/code><\/pre>\n\n\n\n<p class=\"has-medium-font-size\"><strong>Idiomas<\/strong><\/p>\n\n\n\n<pre class=\"wp-block-code has-medium-font-size\"><code>Franc\u00e9s: puede mantener una conversaci\u00f3n fluida y hacer sus actuaciones en franc\u00e9s.\nIngl\u00e9s: puede mantener una conversaci\u00f3n fluida y hacer sus actuaciones en ingl\u00e9s.\nGallego: puede mantener una conversaci\u00f3n fluida y actuar en gallego\/portugu\u00e9s.\nChino: no puede mantener ning\u00fan tipo de conversaci\u00f3n, flu\u00edda o no, en chino.<\/code><\/pre>\n\n\n\n<p class=\"has-medium-font-size\"><strong>Experiencia profesional<\/strong><br>Desde 1978 se dedica profesionalmente al arte de la magia. Desde entonces ha realizado miles de actuaciones de magia por toda Espa\u00f1a y fuera de ella (Francia: Par\u00eds y Toulouse; Suiza: Laussanne; Portugal: Lisboa; Italia: Roma; Holanda: La Haya\u2026)<br>Ha actuado para empresas como: Coca-Cola, Telef\u00f3nica, Fiat, Saab, Renault, Procter y Gamble (Fairy), Price Waterhouse Cooper, Indra, Realtech, Diageo (JB, Johnny Walker, Baileys)etc.<br>En la actualidad, adem\u00e1s, de sus actuaciones profesionales imparte clases, seminarios y conferencias para otros magos, escribe libros de magia y dirige una academia de magia online.<\/p>\n<\/div>\n<\/div>\n","protected":false},"excerpt":{"rendered":"<p>El artista Armando de Miguel nace en Salamanca hace ya alg\u00fan tiempo y es miembro desde 1976 de la Sociedad Espa\u00f1ola de Ilusionismo (C\u00edrculo de Madrid). Formaci\u00f3n acad\u00e9mica 1976 \u2013 1980 Estudia Derecho en la Universidad de Salamanca.2011 \u2013 2019 Estudia en el Conservatorio profesional Teresa Berganza de Madrid (8 cursos en la especialidad de acorde\u00f3n).2021-2022 En la actualidad cursa quinto a\u00f1o en la especialidad instrumental de clarinete en el Conservatorio profesional de m\u00fasica de Salamanca. Formaci\u00f3n m\u00e1gica Idiomas Experiencia profesionalDesde 1978 se dedica profesionalmente al arte de la magia. Desde entonces ha realizado miles de actuaciones de magia por toda Espa\u00f1a y fuera de ella (Francia: Par\u00eds y Toulouse; Suiza: Laussanne; Portugal: Lisboa; Italia: Roma; Holanda: La Haya\u2026)Ha actuado para empresas como: Coca-Cola, Telef\u00f3nica, Fiat, Saab, Renault, Procter y Gamble (Fairy), Price Waterhouse Cooper, Indra, Realtech, Diageo (JB, Johnny Walker, Baileys)etc.En la actualidad, adem\u00e1s, de sus actuaciones profesionales imparte clases, seminarios y conferencias para otros magos, escribe libros de magia y dirige una academia de magia online.<\/p>\n","protected":false},"author":1,"featured_media":3394,"parent":0,"menu_order":0,"comment_status":"closed","ping_status":"closed","template":"","meta":{"footnotes":""},"_links":{"self":[{"href":"https:\/\/magiamadrid.com\/index.php\/wp-json\/wp\/v2\/pages\/3367"}],"collection":[{"href":"https:\/\/magiamadrid.com\/index.php\/wp-json\/wp\/v2\/pages"}],"about":[{"href":"https:\/\/magiamadrid.com\/index.php\/wp-json\/wp\/v2\/types\/page"}],"author":[{"embeddable":true,"href":"https:\/\/magiamadrid.com\/index.php\/wp-json\/wp\/v2\/users\/1"}],"replies":[{"embeddable":true,"href":"https:\/\/magiamadrid.com\/index.php\/wp-json\/wp\/v2\/comments?post=3367"}],"version-history":[{"count":10,"href":"https:\/\/magiamadrid.com\/index.php\/wp-json\/wp\/v2\/pages\/3367\/revisions"}],"predecessor-version":[{"id":3404,"href":"https:\/\/magiamadrid.com\/index.php\/wp-json\/wp\/v2\/pages\/3367\/revisions\/3404"}],"wp:featuredmedia":[{"embeddable":true,"href":"https:\/\/magiamadrid.com\/index.php\/wp-json\/wp\/v2\/media\/3394"}],"wp:attachment":[{"href":"https:\/\/magiamadrid.com\/index.php\/wp-json\/wp\/v2\/media?parent=3367"}],"curies":[{"name":"wp","href":"https:\/\/api.w.org\/{rel}","templated":true}]}}